 133101023?
1
What is the hundred thousands digit of 52899265?
8
What is the hundred thousands digit of 69891878?
8
What is the ten thousands digit of 570816055?
1
What is the hundreds digit of 180294607?
6
What is the ten millions digit of 46807385?
4
What is the hundred thousands digit of 173739151?
7
What is the hundreds digit of 83361111?
1
What is the ten thousands digit of 240448536?
4
What is the hundreds digit of 2024334?
3
What is the hundred thousands digit of 1180803546?
8
What is the units digit of 3742327117?
7
What is the millions digit of 2087945465?
7
What is the tens digit of 797956705?
0
What is the units digit of 875282593?
3
What is the units digit of 210037158?
8
What is the ten millions digit of 1144095139?
4
What is the hundred thousands digit of 44535798?
5
What is the thousands digit of 394060819?
0
What is the thousands digit of 852825017?
5
What is the millions digit of 518248189?
8
What is the millions digit of 79385590?
9
What is the ten millions digit of 914296787?
1
What is the thousands digit of 59655292?
5
What is the units digit of 86868939?
9
What is the tens digit of 78404398?
9
What is the hundred millions digit of 150072250?
1
What is the units digit of 102507369?
9
What is the tens digit of 343416990?
9
What is the thousands digit of 48313423?
3
What is the thousands digit of 20345439?
5
What is the hundreds digit of 28929179?
1
What is the hundreds digit of 223137945?
9
What is the tens digit of 2583405935?
3
What is the tens digit of 653610777?
7
What is the millions digit of 557348684?
7
What is the units digit of 4107026?
6
What is the hundreds digit of 68501024?
0
What is the hundred thousands digit of 47791397?
7
What is the units digit of 113149175?
5
What is the tens digit of 2320510495?
9
What is the thousands digit of 988126?
8
What is the units digit of 79225435?
5
What is the hundred thousands digit of 1687981195?
9
What is the tens digit of 1887460653?
5
What is the units digit of 5541171?
1
What is the hundreds digit of 513760735?
7
What is the billions digit of 2933847531?
2
What is the hundred millions digit of 106905931?
1
What is the millions digit of 57516556?
7
What is the millions digit of 44411587?
4
What is the millions digit of 87135366?
7
What is the thousands digit of 79290434?
0
What is the billions digit of 1067481274?
1
What is the millions digit of 68596882?
8
What is the millions digit of 14801867?
4
What is the ten thousands digit of 41157038?
5
What is the units digit of 53833999?
9
What is the hundred thousands digit of 14731156?
7
What is the millions digit of 256144936?
6
What is the ten thousands digit of 29973314?
7
What is the hundred thousands digit of 1013103833?
1
What is the hundred thousands digit of 156099539?
0
What is the ten thousands digit of 86470048?
7
What is the tens digit of 1351789827?
2
What is the hundred millions digit of 442255349?
4
What is the thousands digit of 565932272?
2
What is the millions digit of 51091462?
1
What is the tens digit of 328580940?
4
What is the ten millions digit of 2037655563?
3
What is the millions digit of 485464597?
5
What is the thousands digit of 369895740?
5
What is the ten millions digit of 46182328?
4
What is the millions digit of 2295828733?
5
What is the ten thousands digit of 2169185669?
8
What is the thousands digit of 2220590351?
0
What is the ten millions digit of 2362224867?
6
What is the units digit of 925386264?
4
What is the units digit of 330747377?
7
What is the hundreds digit of 314539756?
7
What is the tens digit of 13007116?
1
What is the units digit of 90986282?
2
What is the tens digit of 1071513511?
1
What is the thousands digit of 1973638760?
8
What is the millions digit of 2002301764?
2
What is the ten millions digit of 489494684?
8
What is the hundred thousands digit of 827188035?
1
What is the ten millions digit of 36384038?
3
What is the millions digit of 43773649?
3
What is the units digit of 122274219?
9
What is the units digit of 1452161967?
7
What is the millions digit of 391502716?
1
What is the units digit of 4053311256?
6
What is the tens digit of 79497945?
4
What is the hundred thousands digit of 2679160665?
1
What is the millions digit of 2257976276?
7
What is the thousands digit of 145316848?
6
What is the hundreds digit of 592354868?
8
What is the millions digit of 3042237134?
2
What is the millions digit of 75637496?
5
What is the hundreds digit of 242389774?
7
What is the thousands digit of 54214122?
4
What is the hundred millions digit of 122187751?
1
What is the thousands digit of 768795380?
5
What is the millions digit of 179948607?
9
What is the ten millions digit of 82481845?
8
What is the billions digit of 1518884624?
1
What is the hundred thousands digit of 974261910?
2
What is the tens digit of 319547350?
5
What is the tens digit of 2932962999?
9
What is the units digit of 137863131?
1
What is the hundred millions digit of 4882625565?
8
What is the ten thousands digit of 575061882?
6
What is the millions digit of 5623046872?
3
What is the hundred thousands digit of 23719503?
7
What is the ten thousands digit of 58434098?
3
What is the millions digit of 221505384?
1
What is the hundred thousands digit of 4316255?
3
What is the ten millions digit of 145780090?
4
What is the units digit of 872108822?
2
What is the units digit of 240597280?
0
What is the tens digit of 615582435?
3
What is the millions digit of 206341545?
6
What is the millions digit of 186550261?
6
What is the units digit of 56550930?
0
What is the hundred millions digit of 3221360713?
2
What is the units digit of 37745362?
2
What is the ten thousands digit of 43885053?
8
What is the ten millions digit of 1281286074?
8
What is the tens digit of 20923156?
5
What is the billions digit of 1584497907?
1
What is the ten thousands digit of 1551815410?
1
What is the tens digit of 1857192?
9
What is the hundred thousands digit of 28034863?
0
What is the ten millions digit of 441837300?
4
What is the thousands digit of 78306962?
6
What is the tens digit of 544415051?
5
What is the hundred millions digit of 1041334937?
0
What is the hundreds digit of 23393835?
8
What is the hundred millions digit of 1634393973?
6
What is the ten millions digit of 391144862?
9
What is the hundred millions digit of 2011972168?
0
What is the hundred thousands digit of 99853589?
8
What is the thousands digit of 50869077?
9
What is the millions digit of 52398801?
2
What is the ten millions digit of 117652335?
1
What is the millions digit of 437250919?
7
What is the thousands digit of 525343342?
3
What is the hundreds digit of 500528481?
4
What is the ten millions digit of 40487212?
4
What is the thousands digit of 29188379?
8
What is the units digit of 322151625?
5
What is the thousands digit of 14085650?
5
What is the hundred millions digit of 2526028954?
5
What is the ten millions digit of 30384246?
3
What is the tens digit of 644894860?
6
What is the ten millions digit of 77562284?
7
What is the units digit of 179879301?
1
What is the units digit of 131563012?
2
What is the tens digit of 1129366178?
7
What is the units digit of 188450608?
8
What is the units digit of 5872048922?
2
What is the ten millions digit of 136477842?
3
What is the ten millions digit of 40154503?
4
What is the units digit of 54059430?
0
What is the units digit of 14004457?
7
What is the units digit of 442374061?
1
What is the units digit of 2967547472?
2
What is the ten millions digit of 184498929?
8
What is the hundreds digit of 641310835?
8
What is the millions digit of 39207371?
9
What is the thousands digit of 924472202?
2
What is the thousands digit of 53087743?
7
What is the tens digit of 6147419640?
4
What is the ten thousands digit of 809590726?
9
What is the ten millions digit of 379468093?
7
What is the ten thousands digit of 214279791?
7
What is the hundred millions digit of 134383325?
1
What is the thousands digit of 722126227?
6
What is the ten thousands digit of 91329860?
2
What is the hundreds digit of 12253069?
0
What is the hundred thousands digit of 147203898?
2
What is the ten millions digit of 1982422808?
8
What is the tens digit of 183400?
0
What is the hundred thousands digit of 3332290124?
2
What is the units digit of 1991818942?
2
What